is the units digit of 379?
9
What is the units digit of 644?
4
What is the units digit of 14?
4
What is the hundreds digit of 18045?
0
What is the hundreds digit of 24300?
3
What is the units digit of 8437?
7
What is the hundreds digit of 1182?
1
What is the thousands digit of 148765?
8
What is the hundreds digit of 26098?
0
What is the hundreds digit of 1702?
7
What is the tens digit of 135527?
2
What is the tens digit of 2597?
9
What is the hundreds digit of 522?
5
What is the units digit of 82610?
0
What is the units digit of 3273?
3
What is the hundreds digit of 81259?
2
What is the ten thousands digit of 19371?
1
What is the units digit of 2247?
7
What is the units digit of 74?
4
What is the ten thousands digit of 64138?
6
What is the thousands digit of 30445?
0
What is the tens digit of 1821?
2
What is the tens digit of 4412?
1
What is the units digit of 2580?
0
What is the tens digit of 4265?
6
What is the thousands digit of 15220?
5
What is the hundreds digit of 188?
1
What is the tens digit of 683?
8
What is the tens digit of 1145?
4
What is the tens digit of 925?
2
What is the tens digit of 48949?
4
What is the hundreds digit of 41440?
4
What is the tens digit of 35?
3
What is the thousands digit of 6373?
6
What is the tens digit of 59021?
2
What is the thousands digit of 3131?
3
What is the hundreds digit of 756?
7
What is the thousands digit of 9248?
9
What is the tens digit of 3135?
3
What is the hundreds digit of 2643?
6
What is the tens digit of 11178?
7
What is the units digit of 665?
5
What is the hundreds digit of 1073?
0
What is the tens digit of 5162?
6
What is the units digit of 5107?
7
What is the tens digit of 2188?
8
What is the hundreds digit of 80776?
7
What is the hundreds digit of 2363?
3
What is the units digit of 144?
4
What is the tens digit of 113556?
5
What is the ten thousands digit of 63240?
6
What is the hundreds digit of 3131?
1
What is the hundred thousands digit of 156955?
1
What is the hundreds digit of 18848?
8
What is the hundreds digit of 113?
1
What is the tens digit of 10307?
0
What is the hundreds digit of 405?
4
What is the tens digit of 14045?
4
What is the thousands digit of 1549?
1
What is the tens digit of 84790?
9
What is the thousands digit of 1340?
1
What is the units digit of 8433?
3
What is the tens digit of 5383?
8
What is the thousands digit of 148216?
8
What is the hundreds digit of 3282?
2
What is the units digit of 17722?
2
What is the thousands digit of 1594?
1
What is the hundreds digit of 14167?
1
What is the hundreds digit of 16411?
4
What is the units digit of 2559?
9
What is the units digit of 17728?
8
What is the units digit of 3289?
9
What is the units digit of 35141?
1
What is the hundreds digit of 17332?
3
What is the units digit of 134844?
4
What is the units digit of 2652?
2
What is the tens digit of 5053?
5
What is the ten thousands digit of 92811?
9
What is the units digit of 2653?
3
What is the hundreds digit of 1305?
3
What is the ten thousands digit of 172208?
7
What is the thousands digit of 6907?
6
What is the tens digit of 74679?
7
What is the ten thousands digit of 26667?
2
What is the hundreds digit of 484?
4
What is the thousands digit of 1345?
1
What is the tens digit of 394?
9
What is the ten thousands digit of 12982?
1
What is the tens digit of 355?
5
What is the ten thousands digit of 11208?
1
What is the tens digit of 17750?
5
What is the tens digit of 89429?
2
What is the hundreds digit of 5545?
5
What is the hundreds digit of 69429?
4
What is the tens digit of 24675?
7
What is the thousands digit of 14465?
4
What is the tens digit of 202?
0
What is the units digit of 1574?
4
What is the ten thousands digit of 57525?
5
What is the units digit of 387?
7
What is the thousands digit of 2936?
2
What is the thousands digit of 14539?
4
What is the hundreds digit of 21183?
1
What is the hundreds digit of 2636?
6
What is the tens digit of 77?
7
What is the units digit of 72351?
1
What is the hundreds digit of 15762?
7
What is the units digit of 13741?
1
What is the tens digit of 3842?
4
What is the tens digit of 13538?
3
What is the hundreds digit of 5735?
7
What is the thousands digit of 106885?
6
What is the ten thousands digit of 19764?
1
What is the tens digit of 2835?
3
What is the tens digit of 492?
9
What is the tens digit of 826?
2
What is the units digit of 2363?
3
What is the ten thousands digit of 14868?
1
What is the hundreds digit of 2125?
1
What is the tens digit of 23796?
9
What is the ten thousands digit of 66797?
6
What is the tens digit of 1119?
1
What is the ten thousands digit of 59271?
5
What is the units digit of 10975?
5
What is the thousands digit of 61281?
1
What is the units digit of 3773?
3
What is the hundreds digit of 140425?
4
What is the hundreds digit of 194?
1
What is the tens digit of 880?
8
What is the units digit of 125006?
6
What is the ten thousands digit of 17527?
1
What is the thousands digit of 106916?
6
What is the ten thousands digit of 52124?
5
What is the units digit of 727?
7
What is the hundreds digit of 1184?
1
What is the thousands digit of 61387?
1
What is the tens digit of 102744?
4
What is the thousands digit of 2279?
2
What is the units digit of 85467?
7
What is the hundreds digit of 134218?
2
What is the thousands digit of 1210?
1
What is the units digit of 12?
2
What is the hundreds digit of 5657?
6
What is the ten thousands digit of 38068?
3
What is the thousands digit of 23541?
3
What is the units digit of 1508?
8
What is the units digit of 13241?
1
What is the hundreds digit of 42524?
5
What is the thousands digit of 18390?
8
What is the tens digit of 11170?
7
What is the thousands digit of 6786?
6
What is the thousands digit of 30336?
0
What is the tens digit of 1509?
0
What is the hundreds digit of 54207?
2
What is the tens digit of 299?
9
What is the units digit of 1261?
1
What is the tens digit of 461?
6
What is the units digit of 27943?
3
What is the thousands digit of 32216?
2
What is the tens digit of 849?
4
What is the tens digit of 280?
8
What is the thousands digit of 8687?
8
What is the ten thousands digit of 33301?
3
What is the hundred thousands digit of 151900?
1
What is the tens digit of 2057?
5
What is the hundreds digit of 3747?
7
What is the units digit of 7350?
0
What is the tens digit of 20?
2
What is the tens digit of 550?
5
What is the tens digit of 510?
1
What is the thousands digit of 13603?
3
What is the thousands digit of 3660?
3
What is the hundreds digit of 173?
1
What is the units digit of 12215?
5
What is the hundreds digit of 15092?
0
What is the tens digit of 54819?
1
What is the hundreds digit of 1431?
4
What is the units digit of 439?
9
What is the thousands digit of 35368?
5
What is the hundreds digit of 1017?
0
What is the ten thousands digit of 18690?
1
What is the hundred thousands digit of 176206?
1
What is the thousands digit of 9344?
9
What is the thousands digit of 8671?
8
What is the hundreds digit of 38101?
1
What is the thousands digit of 123553?
3
What is the hundreds digit of 4425?
4
What is the thousands digit of 58582?
8
What is the ten thousands digit of 75368?
7
What is the tens digit of 70?
7
What is the hundred thousands digit of 103725?
1
What is the thousands digit of 5574?
5
What is the hundreds digit of 13272?
2
What is the tens digit of 1151?
5
What is the hundreds digit of 309?
3
What is the tens digit of 523?
2
What is the units digit of 115947?
7
What is the units digit of 376?
6
What is the units digit of 43772?
2
What is the units digit of 889?
9
What is the thousands digit of 2490?
2
What is the units digit of 7538?
8
What is the units digit of 13214?
4
What is the tens digit of 157472?
7
What is the units digit of 35770?
0
What is the thousands digit of 12502?
2
What is the hundreds digit of 2431?
4
What is the thousands digit of 111855?
1
What is the ten thousands digit of 72489?
7
What is the hundreds digit of 88970?
9
What is the units digit of 2347?
7
What is the units digit of 47049?
9
What is the ten thousands digit of 42125?
4
What is the hundreds digit of 28391?
3
What is the ten thousands digit of 24932?
2
What is the tens digit of 17028?
2
What is the units digit of 4004?
4
What is the hundreds digit of 150?
1
What is the ten t